
2, 3, 41
Suppose -65*u + 78*u = 5668. What are the prime factors of u?
2, 109
Let b be 2/(-2) - 2*13. Let z = 51 + b. What are the prime factors of z?
2, 3
Let u(r) = 60*r - 378. List the prime factors of u(22).
2, 3, 157
Let h = 290 + -274. What are the prime factors of h?
2
Suppose 2326 = 6*u - 17504. List the prime factors of u.
5, 661
Suppose -3*m - m - v = -124, -3*m + 3*v = -93. Let f = -26 + m. Suppose -30 = -f*a + 2*a. What are the prime factors of a?
2, 5
Let t(l) = -50*l - 6. Let q be -2*(15/10)/1. What are the prime factors of t(q)?
2, 3
Let h be 50/(-6) - 2/3. What are the prime factors of ((-112)/(-6))/((-3)/h)?
2, 7
Let g(z) = 5*z - 2. Let f be g(2). Suppose 969 + 119 = f*x. List the prime factors of x.
2, 17
Let x(n) = -n**3 + 1 + 3*n + 0*n**3 - 3*n**3. Suppose -y + 5*y = -8. What are the prime factors of x(y)?
3
Let o(v) = 9*v + 6. Let y(z) = -z**3 - 12*z**2 + 12*z - 9. Let h be y(-13). Let w be o(h). Let q = 85 - w. List the prime factors of q.
43
Let b(u) = 364*u**2 + 12*u - 25. List the prime factors of b(3).
19, 173
Let q = -75 + 60. What are the prime factors of (-3)/q - (-1436)/20?
2, 3
Let x(y) = y**3 + 13*y**2 + 13*y + 15. Let j be x(-12). Let v(w) = w**2 - 4. List the prime factors of v(j).
5
Suppose -5*h + 905 = -2285. List the prime factors of h.
2, 11, 29
Let g(r) = -5*r - 5. Let w be g(5). Let l = 21 - w. List the prime factors of l.
3, 17
Let t(i) = 2*i + 33. Suppose 13 - 49 = 4*p. What are the prime factors of t(p)?
3, 5
Let x be (16/4)/2 + -2. Let p(h) = h**2 - 11. Let u be p(x). Let s = u - -20. List the prime factors of s.
3
Suppose -2*t - 2*t - 96 = 0. List the prime factors of ((-848)/t)/(2/3).
53
Let h(w) = w + 7. Let l be h(0). Suppose -60 = 89*z - 95*z. Let s = z - l. What are the prime factors of s?
3
Let c(f) = -f + 10. Let d be c(8). Suppose 0 = d*z - 3*z. Suppose 4*t - 4*k - 52 = 0, 3*t = -z*k - 3*k + 57. What are the prime factors of t?
2
Let j(k) = 385*k - 20. List the prime factors of j(6).
2, 5, 229
Let v be (10/4)/((-8)/(-16)). Suppose v*c - 398 + 98 = 0. What are the prime factors of c?
2, 3, 5
Suppose 39*m = 34*m + 550. Suppose -2*g + 0 = -m. What are the prime factors of g?
5, 11
Let f(q) = q**3 - q**2 + 7*q + 104. Let r be f(0). Suppose -3*l = -2 - 7, 48 = g + 4*l. Let t = r - g. List the prime factors of t.
2, 17
Let j(r) = 5*r**2 - r. Let u be j(-4). Suppose 7*v - u = 3*v. What are the prime factors of v?
3, 7
Let j = 3630 + -2119. List the prime factors of j.
1511
Let p = 70 + -77. List the prime factors of p/28 - (-569)/4.
2, 71
Let l = 1878 + -74. Suppose 644 + l = 4*v. List the prime factors of (-6)/(-4)*v/27.
2, 17
Let k = 67 + -40. Let g be 6/(-27) + 708/k. What are the prime factors of 4/g - (-3141)/117?
3
Suppose -58*r + 192140 = -6*r. List the prime factors of r.
5, 739
Suppose 3*a = 6*a + 5*r - 1316, 1292 = 3*a - r. What are the prime factors of a?
2, 3
List the prime factors of -1 + 314 + (-60)/(-5) + -7.
2, 3, 53
Let u(x) = -2*x**2 - 3*x + 4. Let w be u(3). Let r = 202 + w. List the prime factors of r.
179
Suppose 659 = 32*t - 397. List the prime factors of t.
3, 11
Let r(b) = b - 4. Let l be r(0). Let v = -2 - l. Let n = 6 - v. List the prime factors of n.
2
List the prime factors of (2946/(-4))/(57/(-76)).
2, 491
Let t(v) = -v**3 + 13*v**2 + 41*v - 48. What are the prime factors of t(15)?
3, 13
Suppose b + 2214 = m, -3*m + 3523 = -b - 3123. What are the prime factors of m?
2, 277
Let w = -6 + 9. Let h = 8 - w. What are the prime factors of h?
5
Suppose 25*s - 3384 = -9. List the prime factors of s.
3, 5
Let i(n) be the second derivative of -3/2*n**3 + 0 + 4*n + n**2. List the prime factors of i(-5).
47
Let q(m) = 28*m**2 + 5*m - 12. List the prime factors of q(-5).
3, 13, 17
Suppose -658*n - 57936 = -682*n. What are the prime factors of n?
2, 17, 71
Suppose 0 = 2*j - 33 + 11. Let u = -1148 - -1164. Let o = j + u. What are the prime factors of o?
3
Suppose -4*f + 42 = -v - 61, -3*f = -5*v - 73. Suppose -y = -2*y + 3*u + 10, -u = y - f. What are the prime factors of y?
2, 11
Let n(t) = 7 + 4 - t**2 + 2*t**2 - 13*t + 0*t**2. Let m(j) = 4*j**2 - 2*j + 1. Let c be m(2). List the prime factors of n(c).
11
Let o = 173 + -125. What are the prime factors of o?
2, 3
What are the prime factors of (-17)/(-15) - 1 - 75952/(-60)?
2, 3, 211
Let s(d) be the third derivative of -11*d**4/24 + 3*d**2. Let q be s(2). Let o = 45 + q. List the prime factors of o.
23
Suppose 8 = -2*m + 4*f, 4 = -4*m - f - 3. Let p be (-4)/3*15/m. Suppose -p*b = -7*b - 66. List the prime factors of b.
2, 11
Suppose 4*j + 27 = 7*j. Suppose -24 = -5*g - j. Suppose 0 = -g*b + 31 + 89. List the prime factors of b.
2, 5
Suppose -4*x + 20563 = -2*c + 4419, -3*x - 5*c = -12134. What are the prime factors of x?
2, 3, 673
Suppose 0 = -4*w + i + 28, 0 = w + 2*i - 3 + 5. Let o(g) be the second derivative of g**4/6 - g**3/3 - 4*g**2 - g. List the prime factors of o(w).
2, 13
Suppose -3*o + m + 8 = 30, -4*o - 2*m - 46 = 0. Let a = o - -128. What are the prime factors of a?
7, 17
Let p = -976 - -2718. What are the prime factors of p?
2, 13, 67
Let u = 170 - 519. Let m = 495 + u. List the prime factors of m.
2, 73
Suppose -2*c + c + 197 = 2*z, 0 = 4*z - 2*c - 414. List the prime factors of z.
101
Let i = -9 + 9. Suppose i = 3*g - 5*g. Suppose 2*j = -g*j + 36. What are the prime factors of j?
2, 3
Let l(s) = -13*s - 35. Suppose 0 = 2*j - 2*b + 14, 2*j - 4*b + b = -12. List the prime factors of l(j).
2, 41
Let x(d) = d**2 + 9*d + 62. List the prime factors of x(-58).
2, 3, 11
Let k(i) = 15*i**2 - 18*i + 4. List the prime factors of k(-11).
2017
Suppose s - 5*m = 828, s + 8*m = 10*m + 834. List the prime factors of s.
2, 419
Let f be (-12)/(-36)*(1 - -374). Let j = f - 73. What are the prime factors of j?
2, 13
Suppose -2*v + h + 1064 = 325, -5*h - 5 = 0. List the prime factors of v.
3, 41
Let c(f) = 63*f + 6. List the prime factors of c(5).
3, 107
Let d(q) = q**2 - 6*q - 20. Let f(x) = -6*x - 24. Let g be f(-6). What are the prime factors of d(g)?
2, 13
Let x be 6 + 2 - 4 - -2. Suppose -x*o + 27 = -57. What are the prime factors of o?
2, 7
Let v(q) be the first derivative of -16*q + 4 - 5/2*q**2 + 1/4*q**4 + 14/3*q**3. List the prime factors of v(-14).
2, 3
Let n be 30*(1 - (-3)/(-6)). Let f = 56 - n. List the prime factors of f.
41
Let q be 5/30 + 23/6. Suppose 3*i - 26 = q. Suppose 17*k - i = 12*k. List the prime factors of k.
2
Let t be (-14 - 0)*(-9)/(-6). Suppose 5*m - 5*x - 165 = 0, -160 + 16 = -4*m - 2*x. Let r = t + m. What are the prime factors of r?
2, 7
Suppose 127*t - 130*t = -1731. List the prime factors of t.
577
Suppose -5*v = -g - 16302, 9792 = 3*v + 126*g - 123*g. List the prime factors of v.
3, 1087
Suppose 2*h = 5*h - 12. Suppose 2 = -h*w + 6. List the prime factors of (w/2)/((-1)/(-14)).
7
Suppose -5*x = -4*r + 713 - 3369, -5*r = -4*x + 2132. What are the prime factors of x?
2, 3, 11
Suppose 2*o = 5*j - 885 - 2098, 0 = j + 3*o - 600. List the prime factors of j.
3, 199
Suppose -3*a + 5*h - 10 = 0, -2*h + 4 = -a - 4*a. Let w = a - -59. What are the prime factors of w?
59
Let q = -47 + 98. Let h = q + -30. Suppose -o = -4*o + h. What are the prime factors of o?
7
Let m be ((-8)/5)/((-4)/10). Let i be 2 + -4 + m + 1. Suppose i*d + 7*x - 113 = 2*x, 3*d - 133 = 5*x. What are the prime factors of d?
41
Let b be (-6)/((-6)/8*1/57). Suppose -2*s - 42 = f - b, 3*f = -s + 202. List the prime factors of s.
2, 13
List the prime factors of 1*(608 + 8 - 3).
613
Let v(j) = -j**3 + 3*j**2 - j + 3. Let m be v(-3). Suppose -m = -2*k + k. Suppose -176 = -4*d + k. List the prime factors of d.
59
Suppose 61*g - 3*t - 372 = 59*g, -568 = -3*g + 2*t. What are the prime factors of g?
2, 3
Let y(a) = a**2 - 6*a - 5. Let h be y(7). What are the prime factors of 5656/70 - h/(-10)?
3
Let r be 1 - (1 + -2 + 4). Let o(j) = -j**3 - j**2 - 2. Let b be o(r). Suppose q - b = -0. List the prime factors of q.
2
Suppose 3*w - 1842 - 2622 = 9*o, -3*o - 2967 = -2*w. List the prime factors of w.
3, 17, 29
Let j = -11 - -11. Suppose -2*l = -j*l + 20. List the prime factors of (66 + 0)/(l/(-5)).
3, 11
Suppose 15*c + 564 = 18*c. Let b = -107 + c. What are the prime factors of b?
3
Let g(s) = 57*s - 17. What are the prime factors of g(31)?
2, 5, 7
Supp